ors of 243820?
2, 5, 73, 167
List the prime factors of 7421649.
3, 1021, 2423
What are the prime factors of 6601601?
6601601
What are the prime factors of 136267?
43, 3169
What are the prime factors of 9195753?
3, 7, 19, 1213
What are the prime factors of 682203?
3, 23, 9887
List the prime factors of 10813708.
2, 2703427
What are the prime factors of 737383?
29, 47, 541
List the prime factors of 5499132.
2, 3, 19, 89, 271
What are the prime factors of 143268?
2, 3, 11939
What are the prime factors of 1535886?
2, 3, 11, 7757
What are the prime factors of 840973?
7, 17, 37, 191
What are the prime factors of 4164545?
5, 7, 11, 29, 373
What are the prime factors of 2810372?
2, 17, 37, 1117
What are the prime factors of 2701908?
2, 3, 11, 6823
List the prime factors of 2664363.
3, 13, 53, 1289
What are the prime factors of 263432?
2, 13, 17, 149
List the prime factors of 31137511.
61, 510451
What are the prime factors of 189017?
189017
What are the prime factors of 13993357?
7, 47, 42533
List the prime factors of 192279.
3, 107, 599
What are the prime factors of 775270?
2, 5, 77527
List the prime factors of 1461275.
5, 58451
What are the prime factors of 510959?
101, 5059
What are the prime factors of 66779?
43, 1553
What are the prime factors of 1857808?
2, 116113
What are the prime factors of 6730766?
2, 7, 23, 20903
What are the prime factors of 1696215?
3, 5, 113081
What are the prime factors of 414626?
2, 379, 547
List the prime factors of 132264.
2, 3, 11, 167
List the prime factors of 13766117.
13766117
List the prime factors of 7107776.
2, 13, 8543
List the prime factors of 485516.
2, 121379
What are the prime factors of 348002?
2, 191, 911
What are the prime factors of 40085778?
2, 3, 89, 271, 277
List the prime factors of 2214217.
47, 47111
List the prime factors of 1105619.
1105619
What are the prime factors of 17757614?
2, 7, 709, 1789
What are the prime factors of 365751?
3, 40639
What are the prime factors of 61644?
2, 3, 11, 467
List the prime factors of 606535.
5, 29, 47, 89
What are the prime factors of 179306?
2, 89653
What are the prime factors of 1334044?
2, 359, 929
What are the prime factors of 131628?
2, 3, 7, 1567
What are the prime factors of 727798?
2, 103, 3533
What are the prime factors of 2177316?
2, 3, 31, 1951
What are the prime factors of 184893?
3, 61631
List the prime factors of 4091170.
2, 5, 599, 683
What are the prime factors of 84726?
2, 3, 523
List the prime factors of 8818631.
17, 518743
What are the prime factors of 236361?
3, 78787
What are the prime factors of 11756844?
2, 3, 11, 2699
List the prime factors of 60823.
7, 8689
What are the prime factors of 13771955?
5, 17, 29, 37, 151
List the prime factors of 254784.
2, 3, 1327
List the prime factors of 4778699.
571, 8369
What are the prime factors of 1629521?
59, 71, 389
What are the prime factors of 445859?
17, 26227
List the prime factors of 917860.
2, 5, 45893
List the prime factors of 271520.
2, 5, 1697
List the prime factors of 59956.
2, 13, 1153
List the prime factors of 3706574.
2, 67, 139, 199
What are the prime factors of 167633?
167633
What are the prime factors of 231295?
5, 167, 277
List the prime factors of 7155713.
449, 15937
What are the prime factors of 29469638?
2, 11, 1339529
List the prime factors of 2242565.
5, 13, 34501
List the prime factors of 101785.
5, 20357
List the prime factors of 14778627.
3, 17, 23, 43, 293
What are the prime factors of 3283893?
3, 113, 3229
List the prime factors of 554548.
2, 138637
What are the prime factors of 3709643?
7, 75707
What are the prime factors of 5139013?
11, 467183
What are the prime factors of 138250?
2, 5, 7, 79
List the prime factors of 1097350.
2, 5, 17, 1291
What are the prime factors of 9795968?
2, 7, 13, 29
List the prime factors of 299618.
2, 11, 13619
What are the prime factors of 7818316?
2, 11, 137, 1297
What are the prime factors of 929253?
3, 13, 23827
What are the prime factors of 893009?
13, 73, 941
List the prime factors of 259730.
2, 5, 19, 1367
List the prime factors of 966473.
19, 50867
List the prime factors of 299823.
3, 139, 719
List the prime factors of 2491515.
3, 5, 13, 4259
List the prime factors of 13525.
5, 541
What are the prime factors of 3068960?
2, 5, 19181
What are the prime factors of 128090?
2, 5, 12809
What are the prime factors of 325516?
2, 17, 4787
What are the prime factors of 543104?
2, 4243
What are the prime factors of 1667818?
2, 97, 8597
List the prime factors of 744282.
2, 3, 7, 11, 179
What are the prime factors of 2344957?
79, 29683
List the prime factors of 4131830.
2, 5, 413183
What are the prime factors of 9382941?
3, 19, 37, 1483
List the prime factors of 10456006.
2, 11, 475273
List the prime factors of 364091.
7, 13, 4001
List the prime factors of 409960.
2, 5, 37, 277
What are the prime factors of 554736?
2, 3, 7, 13, 127
List the prime factors of 116928.
2, 3, 7, 29
List the prime factors of 2089503.
3, 13, 5953
List the prime factors of 83193.
3, 11, 2521
List the prime factors of 8526486.
2, 3, 17, 179, 467
What are the prime factors of 200340?
2, 3, 5, 7, 53
List the prime factors of 1068343.
1068343
List the prime factors of 229851.
3, 8513
What are the prime factors of 16130732?
2, 4032683
What are the prime factors of 57913?
29, 1997
What are the prime factors of 9365308?
2, 2341327
List the prime factors of 155261.
17, 9133
What are the prime factors of 246090?
2, 3, 5, 13, 631
What are the prime factors of 187631?
187631
List the prime factors of 170022.
2, 3, 43, 659
What are the prime factors of 138591?
3, 29, 59
List the prime factors of 226151.
17, 53, 251
What are the prime factors of 9007?
9007
List the prime factors of 4967887.
101, 487
What are the prime factors of 486477?
3, 191, 283
What are the prime factors of 757709?
757709
What are the prime factors of 6426778?
2, 71, 45259
What are the prime factors of 2130958?
2, 1065479
List the prime factors of 2055071.
2055071
List the prime factors of 308040.
2, 3, 5, 17, 151
What are the prime factors of 845162?
2, 422581
What are the prime factors of 1282065?
3, 5, 127, 673
What are the prime factors of 569290?
2, 5, 56929
What are the prime factors of 437786?
2, 71, 3083
What are the prime factors of 377110?
2, 5, 43, 877
List the prime factors of 699606.
2, 3, 38867
List the prime factors of 881823.
3, 293941
What are the prime factors of 206457?
3, 68819
What are the prime factors of 680180?
2, 5, 71, 479
List the prime factors of 19850768.
2, 7, 177239
List the prime factors of 24547297.
19, 1291963
What are the prime factors of 313874?
2, 11, 1297
List the prime factors of 119386.
2, 59693
List the prime factors of 239512.
2, 7, 13, 47
What are the prime factors of 29391066?
2, 3, 544279
List the prime factors of 2742741.
3, 11287
List the prime factors of 493176.
2, 3, 20549
What are the prime factors of 488927?
19, 25733
What are the prime factors of 44989?
7, 6427
What are the prime factors of 204551?
43, 67, 71
List the prime factors of 272078.
2, 29, 4691
What are the prime factors of 662487?
3, 7, 31547
What are the prime factors of 1504957?
31, 43, 1129
What are the prime factors of 528488?
2, 31, 2131
List the prime factors of 1351607.
383, 3529
What are the prime factors of 34186?
2, 17093
What are the prime factors of 2953570?
2, 5, 295357
What are the prime factors of 114970?
2, 5, 11497
List the prime factors of 5578.
2, 2789
What are the prime factors of 428104?
2, 59, 907
What are the prime factors of 8167440?
2, 3, 5, 34031
List the prime factors of 21771150.
2, 3, 5, 19, 7639
List the prime factors of 370544.
2, 23159
List the prime factors of 15451196.
2, 53, 72883
List the prime factors of 23521286.
2, 103, 227, 503
What are the prime factors of 1052223?
3, 350741
List the prime factors of 2627768.
2, 11, 13, 2297
List the prime factors of 18024266.
2, 13, 151, 4591
List the prime factors of 1205027.
1205027
What are the prime factors of 15466963?
41, 311, 1213
List the prime factors of 4641323.
17, 41, 6659
List the prime factors of 23307473.
7, 397, 8387
List the prime factors of 218014.
2, 61, 1787
What are the prime factors of 791818?
2, 395909
List the prime factors of 6539300.
2, 5, 65393
What are the prime factors of 136113?
3, 59, 769
List t